t is s(-2)?
-2
Let l(v) = v**2 - 32*v + 6. Let q = 17243 - 17211. What is l(q)?
6
Let l = -91 - -94. Suppose -l*n = -n - 3*j + 19, 3*j = -n - 5. Let d be (-1)/n + ((-235)/8)/(-5). Let o(y) = -y + 1. Determine o(d).
-5
Let n(l) be the first derivative of 43 - l**3 - l + 1/2*l**2. Let s = 2 - 1. Calculate n(s).
-3
Suppose -4*v - 6 = r + 27, -2*v = -5*r + 33. Let y(t) = -t**2 - 6*t + 20. Let x be y(v). Let c be 3/x - (-51)/21. Let s(m) = 8*m - 1. Determine s(c).
15
Let o be ((-16)/28)/(4/14). Let w(d) be the third derivative of -1/120*d**6 - 1/12*d**4 - 1/60*d**5 - 1/6*d**3 + 0 + 0*d + 25*d**2. What is w(o)?
7
Let m(x) be the third derivative of -x**6/120 - x**5/30 - x**4/8 - x**3/6 + x**2. Suppose 4*f + 3*n - 183 = -176, 4*f + 4*n - 12 = 0. Calculate m(f).
5
Let x(a) be the first derivative of a**3 - 3*a**2/2 - 3*a - 3709. Calculate x(4).
33
Let i(f) be the first derivative of f**5/120 + f**4/6 - 31*f**3/3 + 44. Let r(g) be the third derivative of i(g). Give r(0).
4
Let f be (-12)/(-30) + 628/5. Let d be 38/12 + (-21)/f. Suppose -2*h - 3*o + 10 = 0, 2*h - 14 = -o - d*o. Let y(p) = 4*p**2. Give y(h).
4
Let m(q) = 84*q - 85*q + 2 + 8. Let z(g) = 2. Let t(y) = m(y) - 4*z(y). Determine t(0).
2
Let k(n) = n**3 + 3*n**2 - 8*n - 6. Let a be 5/((-184)/(-32) - 7). Calculate k(a).
10
Let l(k) = 5 + 14*k**2 + 16*k - 4*k - 906*k**3 + 908*k**3. Determine l(-5).
45
Let l(u) = 19*u + 40. Let i be l(-2). Let y(w) = -4*w + 18 - 56*w**2 - 5*w + 0*w + 43*w**i - w**3 - 5. What is y(-12)?
-23
Let a = -52 - -48. Let w be ((-2)/8*2)/(a/8). Let f(b) be the first derivative of 17*b**4/4 - 2*b**3/3 + b**2 - b + 40. Calculate f(w).
16
Let z(n) = 19*n**2 + 52*n + 21. Let p(s) = -8*s**2 - 25*s - 11. Let w(f) = 7*p(f) + 3*z(f). What is w(20)?
6
Let r(p) = 10*p + 70. Let y be r(-7). Let t(j) = j**3 - j**2 - j - 1. Let u(a) = 4*a**3 - 6*a**2 - 5*a - 22. Let q(w) = 5*t(w) - u(w). Calculate q(y).
17
Suppose -497 = 83*z - 1659. Let n(i) = -i**2 + 14*i + 6. Give n(z).
6
Let v(d) = -d - 7. Let k(m) = m**3 + 19*m**2 - 3*m - 54. Let j be k(-19). Suppose -3*i - 4*h - 47 = 0, j*h - 11 = 5*i + 19. Determine v(i).
2
Suppose 521 = 47*k + 4. Let b(p) = -p**2 + 9*p + 16. What is b(k)?
-6
Let s(c) = -c**2 + c - 1. Let n(o) = o**2 + 23*o - 19. Let d be n(-24). Let y(b) = -4*b**2 - 5*b - 20. Let v(i) = d*s(i) - y(i). Determine v(12).
-9
Let z(h) be the third derivative of -h**4/2 + h**3/3 - 20*h**2 - 4. Calculate z(-3).
38
Let y be (-8)/(7 + -39) - (-10)/(-8). Let v(r) = -r**2 + r - 1. Let u(p) = p**2 - 4*p + 6. Let f(n) = y*u(n) - 5*v(n). Calculate f(-1).
4
Let f(c) = -137*c + 1478. Let z be f(11). Let k(h) = -h**2 - 29*h + 56. Give k(z).
56
Let y(q) be the second derivative of q**5/20 - 7*q**4/12 - 4*q**3/3 - 5*q**2 + 16*q - 2. Suppose i = 4*i + 2*a - 26, a - 33 = -4*i. Determine y(i).
-10
Let y(s) be the first derivative of s**6/360 - s**5/40 - 3*s**4/8 - s**3 - 3*s + 306. Let g(o) be the third derivative of y(o). Calculate g(5).
1
Suppose 10*j - 5 = 9*j - 3*w, 5*j + 23 = w. Suppose 0*n - 15 = -5*n. Let d(x) = 5 + 5*x**2 + n - 3 + 5*x + x**3. Give d(j).
1
Suppose 5*q + 38 + 5 = n, 3*q = -3*n + 39. Let x be (-13)/(-2) + 27/n. Suppose -13*m = -x - 31. Let l(k) = -2*k**2 + 5*k - 3. Determine l(m).
-6
Let j(v) = v**3 + 8*v**2 + 6*v - 17. Let l be j(-7). Let g(x) = -x. Let f be g(l). Let w(m) = 10 + f*m - 5*m - 3 - 8*m. Calculate w(7).
-14
Let h(f) = f**3 + 18*f**2 - 208*f - 4. Suppose 20*k = 22*k + 3*x + 46, 0 = 2*k - 5*x + 62. Determine h(k).
-4
Let p(f) = -f**2 - 1. Let m(v) = -v**2 - 15*v + 53. Let t be m(-18). Let l(n) = 6*n**2 + 4*n + 4. Let y(x) = t*l(x) - 5*p(x). Let s = 9 + -12. Give y(s).
4
Let g(w) = -12*w**2 - 20*w - 6. Let b be g(-2). Let o be (-9)/(b + 5)*-9. Let n(x) = x**3 + 10*x**2 + 7*x - 1. What is n(o)?
17
Let j(c) = 13*c**3 + 2*c**2 - 6*c - 18. Let f(z) = -24*z**3 - 5*z**2 + 11*z + 35. Let l(u) = -6*f(u) - 11*j(u). Give l(-6).
60
Let n(v) be the second derivative of v**3/6 - 53*v**2/2 - 2*v + 679. What is n(17)?
-36
Let q(l) = 2*l + 7. Let j = 5 - -80. Let z be 20/(-140) + (-561)/(-7). Let o = z - j. What is q(o)?
-3
Let y(x) = -16*x**2 + 5*x - 10. Suppose -15 = -5*u, -4*g - 4*u + 10 = -5*g. Give y(g).
-64
Let y(b) = -b**3 + 9*b**2 - 11*b + 23. Let j(s) = -610*s + 618. Let t be j(1). What is y(t)?
-1
Let g = 10 - 4. Let n(k) = -k**2 + 5*k. Let x be n(g). Let m(o) = -2*o. Let l(s) = 4*s. Let a(w) = -l(w) - m(w). Determine a(x).
12
Let i(c) = -2*c**3 + 40*c**2 + 2*c - 45. Let j be 17 - (-1*(-4 + -1) - 8). What is i(j)?
-5
Let n be (-91)/(-13) + ((-1)/(-1) - 1). Suppose y - 12*q = -n*q - 3, 0 = 4*q. Let b(k) = -k**3 - 3*k**2 + 2*k + 4. Give b(y).
-2
Let d(k) = 50 - k**2 - 31*k - 27 + 26*k + 25*k + 47. Determine d(-3).
1
Let n(f) = f**2 + 17*f - 5. Let u = -5277 - -5260. Determine n(u).
-5
Let v(b) = -11*b**2 + 2*b + 1. Let w(d) = 244*d - 248. Let i be w(1). Give v(i).
-183
Let v(u) = -21 - 19 - u**2 - 5 + 40. Give v(-5).
-30
Let w(s) = 3*s**2 - s. Let o be w(-1). Suppose -15*u - 124 + 154 = 0. Let l(j) = -j**3 + 2006 - 2006 - j - o*j**u. Determine l(-4).
4
Let c(y) = -23 + 22 + y**2 + 9 - 5 + 5*y. Suppose -n - 20 = 5*b, -b + 4*b = -4*n + 5. Let s(d) = d**3 + 5*d**2 + d + 2. Let v be s(b). Give c(v).
-3
Let l = -3162 + 3161. Let o(t) = -11*t**3 - 2*t - 1. Calculate o(l).
12
Let y(k) = -k**2 - 40*k - 110. Let h be y(-3). Let f(l) = -9*l - 9. What is f(h)?
-18
Let q(w) be the third derivative of 0 + 1/120*w**6 + 0*w - 1/4*w**4 + 169*w**2 + 0*w**3 - 1/12*w**5. Give q(6).
0
Let a = -623 - -641. Let q(z) = -z - 44. Calculate q(a).
-62
Let v(g) = -3*g**2 - 1. Let t(y) = -4*y**2 - 13*y - 6. Let m(h) = -t(h) + v(h). What is m(-7)?
-37
Let x(d) be the second derivative of -d**4/12 - 7*d**3 + 139*d**2/2 + 72*d - 12. What is x(-45)?
4
Let d be -53*(-6)/9 - (-2)/3. Let s(t) = -t**2 + 33*t + 105. Determine s(d).
-3
Let v(y) = 11*y**2 + 25*y + 1. Suppose 10 = 8*f - 54. Let n(w) = -4*w**2 - 9*w. Let p(l) = f*n(l) + 3*v(l). Determine p(-3).
3
Suppose -13*j = 4*x - 14*j - 18, -24 = 4*j. Let w(v) = -3*v**3 + v**2 - 4*v - 1. Calculate w(x).
-85
Let f(r) = 3*r**2. Let x = 435 - 156. Suppose -x*w = -274*w + 5. Calculate f(w).
3
Let k(f) = 3*f - 1. Let s(a) = -a**2 + 5*a - 2. Let b(p) = -5*k(p) + 3*s(p). Let w = 239 + -296. Let c = -58 - w. Calculate b(c).
-4
Suppose 0 = -4*t + 2*t + 364. Let f = t - 175. Let d(k) = -13*k**2 + 7*k**2 + 7*k**2 - 7*k. Give d(f).
0
Let l(b) = b**3 - 2*b + 11. Let z be (0/(3*7/21) + 0)/1. Calculate l(z).
11
Let m(s) be the third derivative of s**6/120 + s**5/12 + s**4/8 + s**3/6 - 2602*s**2. Let h = 9 - 6. Suppose 5*q + h + 7 = 0, -4*d - q - 18 = 0. Calculate m(d).
5
Let t be 0 - -1 - 192/(-32). Let m(d) = -14*d + 97. Let q be m(t). Let u(j) be the third derivative of -j**5/12 - j**3/6 - j**2. What is u(q)?
-6
Suppose -k = -8 + 4, 5*t = -3*k + 37. Let x(u) = -47*u + 236. Let l be x(t). Let n(p) = -p**3 - p**2 + 1. Give n(l).
-1
Let c(u) be the first derivative of u**4/4 + 5*u**3 + 13*u**2/2 - 22*u - 76. Let x be c(-14). Let t(l) = l**3 + 9*l**2 + 8*l + 10. What is t(x)?
10
Let g(i) be the first derivative of -i**4/4 - 10*i**3/3 - i**2 + 63*i + 3929. What is g(-9)?
0
Let g(b) be the second derivative of b**7/840 + b**6/360 - b**5/120 - 5*b**4 + 62*b. Let a(j) be the third derivative of g(j). Give a(1).
4
Let w(u) = 12*u - 60. Suppose 2*i - 34 = -4*c - 38, 5*c = -15. Give w(i).
-12
Suppose -3*t - 117 = 2*u, 5*t - 3*u = -0*u - 195. Let x be t - -30 - 5/(-1). Let s(j) = 10*j. Determine s(x).
-40
Let w(o) = 2*o**2 + 23*o + 27. Let s be w(-12). Suppose s*j = 51*j - 72. Let i(t) = t**2 - 7*t + 2. Determine i(j).
-4
Let x(r) = -r**3 + 18*r**2 - 17*r - 16. Let u = -3555 - -3572. What is x(u)?
-16
Suppose 0 = 5*u - 5*l + 5, 6 + 4 = 5*u - 2*l. Suppose 16 = -3*s + u*k - 0, -3*k - 13 = 4*s. Let j(z) = z**3 + 5*z**2 + 3*z + 3. Give j(s).
7
Let v(g) be the third derivative of g**4/24 - 5*g**3/2 + 23*g**2. Give v(12).
-3
Let a(m) be the first derivative of 1/3*m**3 - 83 + 11/2*m**2 + 13*m. Determine a(-10).
3
Let h = 4189 - 4212. Let n(x) = -6*x - 139. Calculate n(h).
-1
Let i be -751 + -2*(44/(-8) - -5). Let z = -742 - i. Let j(h) = h**3 - 8*h**2 + h - 4. Determine j(z).
4
Suppose 4*b + 18 = 3*o - 25, -4*b + 5*o - 53 = 0. Let x(a) be the third derivative of a**5/60 + 5*a**4/12 + 5